Suppose 28 = 5*x + 8. Suppose 2*d + x = 34. Is d a prime number?
False
Suppose 0 = -0*g - g + 5*s + 1374, -2*s = -2*g + 2788. Is g composite?
False
Suppose 5*b - 3*b - 74 = 0. Let r = 70 + 50. Let c = r - b. Is c prime?
True
Let j = 13 + -33. Let w = 179 - j. Is w a composite number?
False
Let w(r) = 3*r + 6. Let z(a) = -4*a - 7. Let n(j) = -5*w(j) - 4*z(j). Let h be n(7). Suppose -h*x + 89 + 86 = 0. Is x a prime number?
False
Suppose 0 = 3*b - 164 + 5. Is b prime?
True
Suppose 0 = 3*f - 15, 2*a + 0*a + 3*f = 1. Let w(v) = 2*v**2 + 2*v**2 + 0*v**2 + 9. Is w(a) prime?
False
Let p = 48 + 299. Is p a prime number?
True
Suppose 2*y + 4*z = -z + 64, 5*y = 4*z + 193. Is 0 + y - (5 + -5) composite?
False
Let r(f) = 72*f + 13. Is r(6) a prime number?
False
Suppose -3*g - 2*m + 5*m = -1491, 3*m = -5*g + 2477. Suppose -5*n - g = -2*w - 2*n, 0 = -4*w - 2*n + 1008. Is w composite?
False
Let p(c) = -4*c**3 - c**2 - c - 2. Suppose 2*g = 2, -g = -2*r + g - 6. Let v be p(r). Suppose 3*l - v = -l. Is l composite?
False
Suppose 0 = 3*s + 3*k - 171, 8*k - 3*k = 0. Let o be 3/6 + s/(-6). Let u(c) = c**2 + 4*c + 12. Is u(o) a prime number?
False
Suppose -3*c - 2*o + 10 + 9 = 0, 2*c - 3*o - 4 = 0. Suppose -c*z = -3*x - 482, -z - 3*x = -5*x - 102. Is z a prime number?
False
Let v(g) be the second derivative of g**3/6 - g**2/2 - 3*g. Let p be v(4). Suppose p*u = 4*u - 33. Is u a prime number?
False
Let i(k) = 9*k + 2. Let x be ((-2)/(-1))/2 - 0. Is i(x) a composite number?
False
Suppose 0 = 7*r - 3*r + 1168. Let n = 349 - r. Is n composite?
False
Suppose 0*g = -3*t - 2*g + 672, g = 3*t - 663. Suppose -3*k - t = -a, -4*k = a - 0*a + 289. Let y = 24 - k. Is y a composite number?
False
Let o = -33 - -160. Is o prime?
True
Let o(p) = p**2 - 4*p - 2. Let s be o(5). Suppose 4*h + 2 = 2*t, 7 + 7 = 4*t - s*h. Suppose 2*g + t*c - 12 = g, -2*g + 3*c + 50 = 0. Is g prime?
False
Suppose 4*j + 0*j = 8. Suppose 2*t = -j*z + 95 - 1, t = -2*z + 43. Is t prime?
False
Suppose 3*n + 2*z = n - 26, n - 4*z = -23. Let a be ((-36)/10)/(6/n). Let i = a - -22. Is i prime?
True
Let u = -5313 - -10748. Is u prime?
False
Let p(j) = 57*j - 5. Let w be p(3). Let u = 315 - w. Is u a composite number?
False
Suppose -7*w = -2*w - 245. Suppose w = 4*g - 4*x - 303, 2*g - 171 = -3*x. Is g prime?
False
Suppose 0*y = -5*y + 205. Let s = y + -11. Suppose -s = -6*h + h. Is h prime?
False
Let v(o) = -o**2 - 8*o - 4. Let p be v(-8). Is (74/p)/((-4)/24) a composite number?
True
Suppose -3*x + 3*k = -1746, 0*x = -2*x - 2*k + 1168. Is x prime?
False
Let d be 3/(-9) - (-146)/6. Suppose -1 = -m + d. Suppose -3*f + m = 4. Is f a composite number?
False
Suppose -4 = -2*k - 0*k, 0 = 4*b - 3*k + 18. Let f be (-2)/15*b*5. Suppose 2*j = -f*j + 92. Is j composite?
False
Suppose -2*d - 78 = -4*d. Is d a prime number?
False
Is ((-1)/3)/(12/(-2844)) composite?
False
Suppose -4*n + 12 = 6*o - 3*o, -4*n = 0. Suppose -3*g - 237 = -o*u + u, 4*u - 340 = -2*g. Is u a prime number?
True
Suppose c - 23 = -4*s, 4*s - 25 = -2*c + 1. Suppose -c*n + 757 + 212 = 0. Is n prime?
False
Let q(l) = -19*l**3 - 2*l**2 - 3*l - 1. Let b be q(-2). Let f = -68 + b. Suppose -3*p = -2*v - v - f, 2*v - 34 = -2*p. Is p prime?
False
Let p(d) = d**3 - 6*d**2 - 5*d + 6. Let x be p(7). Let w be (-10)/4*(-456)/x. Is (1 + w)*14/4 prime?
False
Let c be (-2)/5 - (-4)/10. Let q(j) = 3*j**2 + 3*j + 4. Let o be q(4). Suppose 5*d + c*u - u = 177, -o = -2*d - 3*u. Is d composite?
True
Let l(w) = -w**2 - 2*w + 3. Let v be l(-3). Let h be -1*(-1 + 0 + v). Is 1 + 16 + (h - -1) prime?
True
Let g(i) = 2*i**3 + i**2 - i - 1. Let w be g(-1). Let j(m) = 6*m**3 + m**2 + m. Let h be j(w). Let z(u) = u**2 - u - 5. Is z(h) a prime number?
True
Let g = 5 - 2. Suppose 0 = -g*v - w + 3, 0 = 3*v + 5*w + 3 - 6. Is ((-1)/(-1))/(v/31) a composite number?
False
Suppose 0 = -4*w - t - 843, 4*w - 63 = 5*t - 888. Let a = 319 + w. Is a prime?
True
Let x = 10 + -7. Suppose -28 + x = -c. Is c prime?
False
Suppose 0 = 4*a + 390 + 454. Let p = a + 422. Suppose -h = -0*h - p. Is h a composite number?
False
Is 2506/(-10)*(-115)/23 a prime number?
False
Let z = -1040 + 3585. Is z prime?
False
Let v = 14 - 8. Let a = v - 4. Suppose y = -a*y + 171. Is y prime?
False
Is (-2)/(4 + 1676/(-418)) a composite number?
True
Let t = 1642 - 969. Is t prime?
True
Let i(u) = 29 - 5*u + 4*u + u**2 + 22. Is i(0) a composite number?
True
Let s(v) = -48*v + 68*v - 5 + 109*v - 3*v. Is s(3) composite?
False
Suppose -2*z - 22 = -4*z. Suppose -h + z = -44. Is h a prime number?
False
Suppose 4*f = 3*f + 5. Suppose 0 = -2*q + 5*b - 1, 5*q = f*b - 10*b - 20. Is (-2)/(-1 - q)*-79 composite?
False
Suppose 0 = -5*d - 5, -745 = -h - 4*d + 312. Is h composite?
False
Suppose -45*j = -41*j - 844. Is j composite?
False
Let c be 1*2/2 - -2. Let g(y) = y**3 - 2*y**2 - 2*y - 3. Let t be g(c). Suppose t*n = n - 133. Is n composite?
True
Let u(h) = -h**3 - 3*h**2 - 5*h - 4. Let j be u(-3). Let n be (-3)/(9/(-6)) + j. Suppose -5*l + n + 26 = 3*c, -15 = -2*l - c. Is l prime?
False
Let t(x) = -9*x - 4. Suppose 2*r + 0 = -8. Let p be t(r). Suppose w = -1 + p. Is w prime?
True
Suppose 0 = -6*l + 2*l + 52. Let c = l - -126. Is c composite?
False
Suppose 2*b - 3*m = 67, 2*b - 4*b = -2*m - 70. Suppose 0*g + 2*d - 53 = -3*g, -3*g - 5*d = -b. Is g a composite number?
True
Let u(z) = z**2 - 5*z - 10. Let o be u(7). Suppose -6*c + o*c = -118. Is c prime?
True
Suppose 4*x + 16 = 0, 4840 = -3*w + 7*w + 3*x. Is w a prime number?
True
Let d(c) = -c**3 - c**2 + 1. Let k(s) = -7*s**3 + 2*s**2 - 2*s - 5. Let f(v) = 4*d(v) + k(v). Suppose 8 = -2*q, -5*m + 5*q + 13 + 2 = 0. Is f(m) composite?
True
Suppose 0 = 5*r + 5*k - 5025, -2*r + 3*k = -1806 - 224. Is r composite?
False
Suppose -3*y = -3*c - y + 679, -y - 907 = -4*c. Suppose -2*f = -f - 4*m - 65, c = 4*f - 5*m. Is f composite?
False
Suppose 0 = 6*a - 5*a. Is (a - 4)/4*-121 composite?
True
Suppose w - 440 = -3*l, 3*w = -2*l - w + 310. Suppose -439 = -r - 2*r - 2*s, s = -r + l. Is r composite?
False
Let q = -43 - -75. Let o = -21 + q. Is o a prime number?
True
Let g(b) be the second derivative of 7*b**5/5 + b**4/6 + b**3/3 + b**2/2 - b. Let f be g(-1). Let p = -17 - f. Is p a prime number?
False
Let q be 2/(-2) + (-72)/9. Let k be 19/(-1) - (0 + 1). Let p = q - k. Is p composite?
False
Let s be 4/((-12)/993)*-1. Suppose -3*o = -s - 302. Is o a prime number?
True
Let c be -2 - (-10 + 0 - 3). Is 6/((-31)/c + 3) a prime number?
False
Let l = 501 - 344. Is l prime?
True
Suppose 3*b = 2*b + 31. Is b prime?
True
Let s(w) = -7*w**3 - w**2 - 7*w + 370. Let z(q) = q**3 + q. Let j(k) = -s(k) - 6*z(k). Let b be j(0). Let i = -237 - b. Is i composite?
True
Let c = -10 + 6. Is 164 + -3 - c/2 a composite number?
False
Let g(w) = w**3 - 17*w**2 - 32*w + 25. Is g(21) a prime number?
True
Suppose 1760 - 7043 = -9*f. Is f composite?
False
Let f = 10 + 5. Suppose -f + 308 = n. Is n composite?
False
Let r = 9 - -35. Suppose 0 = -3*y - y + r. Is y prime?
True
Let q(z) = z**3 - z**2 - 3*z + 1. Let a be q(3). Suppose 0 = p + 245 - a. Let m = p - -332. Is m prime?
True
Let d = 790 - 321. Is d prime?
False
Let r = -20 - -75. Is r a composite number?
True
Let q = 600 + -122. Is q composite?
True
Let n(w) = 2*w - 15*w + 27*w - 6. Is n(10) a prime number?
False
Let l(j) = -10 + 0 + 11*j - 2*j. Is l(7) prime?
True
Let v(q) = q - 32. Let p = -1 + 1. Let d be v(p). Let y = 69 + d. Is y a composite number?
False
Suppose 5*j = 3*j + 4*t + 24, -2*j + 5*t + 29 = 0. Suppose 0 = -j*p - d + 4 + 6, -4*p - 5*d + 14 = 0. Is p a prime number?
False
Let c(k) = -k**2 + 2. Let n be c(3). Let f(b) = b**3 + 10*b**2 + 6*b - 3. Let u be f(n). Let x = u + -47. Is x prime?
False
Suppose -19*m + 22*m - 13641 = 0. Is m prime?
True
Let t(u) = 2*u - 5. Let k be t(7). Let y(q) = -10*q + 13. Let g be y(k). Let r = 144 + g. Is r a composite number?
False
Is (5 + (-99)/18)/((-1)/2302) composite?
False
Let j = 439 - 185. Is j composite?
True
Let h be (-172)/2 + (1 - -1). Let j = 161 + h. Suppose j = 5*z - 88. Is z a composite number?
True
Suppose -2*i + 2772 + 346 = 0. Is i a composite number?
False
Let c(t) be the first derivative of t**2/2 + 47*t + 2. Let j = 5 - 5. Is c(j) a composite number?
False
Let h(b) = b**2 + 7*b - 5. Suppose 4*l - 8*l = 32. L